the highest common divisor of b and 20.
20
Suppose 2*s = -s. Let b = 14 - 12. Suppose 3*g = d - s*d - 14, -3*d = -b*g - 63. What is the highest common divisor of 115 and d?
23
Let w = -876 + 890. What is the greatest common factor of w and 378?
14
Let w(q) = 133*q - 2. Let f be w(-3). Let v = f - -577. Calculate the greatest common divisor of v and 22.
22
Let n(p) be the first derivative of 5*p**2/2 - 16*p + 5. Let m be n(4). Let o be ((-15)/(-10))/(3/32). Calculate the greatest common divisor of o and m.
4
Suppose 2*i = -k + 27, k - 9 = 3*i + i. Suppose -b - k = -4*m + 2, 23 = 3*m + 5*b. Suppose m*a - 63 = 507. What is the highest common divisor of a and 19?
19
Let z(n) = n**3 - 18*n**2 + 4*n - 57. Let i be z(18). Let s be 4/10 - 28/(-5). Let f(w) = 10*w. Let q be f(s). Calculate the highest common factor of q and i.
15
Let t(i) = -i**2 + 2*i + 3. Let j be t(0). Suppose -j*d + 67 = 2*r, -2*d - d + 41 = r. Let a = 82 + -4. What is the highest common factor of a and r?
26
Let s be (-43 - -3)/(-4) + 0. Suppose 5*q - 770 = -2*q. Calculate the highest common divisor of s and q.
10
Suppose -10*h + 5*h = -180. Suppose 5*i + k = -k + 99, -2*i + h = 2*k. Calculate the greatest common divisor of 14 and i.
7
Suppose -902*d + 895*d = -273. Suppose 5*o + 5*y - 1764 = -24, 3*o - y = 1056. What is the highest common factor of o and d?
39
Let a(h) = 3*h**3 + 12*h**2 - 46*h + 15. Let m be a(6). What is the highest common factor of m and 26?
13
Let a(g) = 12*g - 5. Let y be a(2). Let c = 62 + -60. Suppose u + l + 166 = c*u, 0 = -3*u + 4*l + 493. What is the greatest common divisor of u and y?
19
Let h = 26 - 25. Let n be ((-568)/(3 + h))/2. Let x = 19 - n. What is the greatest common factor of 10 and x?
10
Let q(h) = h**2 + 6*h - 3. Let l(n) = n - 1. Let i(t) = -4*l(t) + q(t). Let c be i(0). Calculate the greatest common factor of c and 5.
1
Let i(o) = 2*o + 4. Let h be i(-3). Let x = -15 - h. Let p be (-12)/8 + x/(-2). Calculate the greatest common divisor of p and 35.
5
Suppose -x - 1 = 0, -5*x + 5 = m - 199. Let o = 2 + 1. Suppose o = -z + 22. Calculate the greatest common divisor of m and z.
19
Let v = 31 - 13. Suppose -v = 2*n - 2*f - 98, 0 = -5*f. Calculate the greatest common divisor of 60 and n.
20
Let s(v) = -20*v. Let k be s(-1). Calculate the greatest common factor of 90 and k.
10
Let t(v) = 43*v - 94. Let m be t(10). Calculate the greatest common factor of m and 42.
42
Let r = 679 - 583. Calculate the highest common divisor of r and 72.
24
Let l be 0 + 1 + (3 - -3). Suppose -3*a + 150 = 2*a. Suppose 0 = -2*s + x + a, -5*s - x = -28 - 40. What is the highest common divisor of l and s?
7
Let o be (-3)/(-2 + 130/66). Suppose 3*y + y + 3*x = 87, -4*y = 5*x - 97. Suppose y = 7*u - 5*u. Calculate the greatest common factor of o and u.
9
Let j(u) = -9*u - 54. Let s be j(-7). Calculate the greatest common divisor of s and 39.
3
Let w be 11/(-2)*(5 + -3)*2. Let n = w - -36. What is the greatest common divisor of n and 35?
7
Suppose 0 = -3*m + 269 + 193. What is the greatest common factor of 42 and m?
14
Let h(x) = 83*x + 174. Let t be h(5). Calculate the greatest common divisor of 38 and t.
19
Let i be 2771/14 + 112/1568. Calculate the greatest common factor of i and 45.
9
Let n be (-42)/9*4794/(-68). What is the highest common factor of 7 and n?
7
Let u be ((-28)/(-35)*15)/((-3)/(-58)). What is the greatest common divisor of 174 and u?
58
Let o(k) = -k. Let w be o(7). Let c be -28*(w/(-2) - 4). Let s = 31 - c. Calculate the highest common factor of s and 153.
17
Suppose 0 = -3*z - 77*z + 4000. What is the greatest common factor of z and 40?
10
Let s(d) = d**2 - 2*d - 3. Let w be s(-2). Suppose -4 + 9 = w*m. Let q be m/(-2)*(0 - 6). What is the highest common divisor of q and 2?
1
Suppose -5*l = 5*c - 7*c - 136, -3*l + 78 = -3*c. Let k be 254 + -3 + (-1)/(-1). What is the greatest common divisor of k and l?
28
Suppose -6 = 2*c - 2. Let a be 1 + (c - -18) + 0. Calculate the highest common divisor of a and 119.
17
Suppose 0*s + 5*s = -5*c + 560, -c + 5*s + 100 = 0. Suppose -4*p + c = 6*p. Suppose 2*t - 2 = -0. What is the highest common factor of p and t?
1
Let s(n) = n**2 + 8*n + 6. Let u be s(-6). Let t(k) = -k**3 - 7*k**2 - 8*k + 5. Let j be t(u). What is the highest common factor of j and 17?
17
Suppose 3*p = 5*y - 0*p - 162, -5*y - p = -146. Let t(c) = -79*c - 8. Let k = -2 - 0. Let r be t(k). What is the highest common factor of y and r?
30
Suppose -658 = -104*b + 97*b. Calculate the greatest common divisor of b and 47.
47
Let v be 22/3*1*(-6)/2. Let g = -9 - v. Calculate the highest common factor of 91 and g.
13
Let v be -1 - -37 - 0/1. Suppose 0 = 5*b + 3*w - 4 - 15, w + 27 = 5*b. Suppose 136 = b*f - 404. Calculate the greatest common factor of f and v.
36
Let y be (-1 + 7)*(39/9 + -4). What is the greatest common factor of y and 6?
2
Suppose -5*p = 2*v - 2955, -543 = 5*v - 5*p - 7983. What is the highest common divisor of v and 55?
55
Let m be 8/28 - 60/14. Let h be 2*m*(-1)/1. What is the greatest common factor of 64 and h?
8
Suppose -2*g = 47*c - 48*c + 18, -3*c - 1 = 5*g. What is the greatest common factor of 392 and c?
8
Let a(v) = 2 + 22 - 4*v - v + 6. Let l be a(12). Let h be -2 + (-9)/(27/l). What is the highest common divisor of 12 and h?
4
Let q = -40 - -56. Suppose 57 = -q*a + 19*a. What is the greatest common divisor of a and 95?
19
Let q = 9 + -1. Let s be ((-48)/10)/((-155)/775). What is the highest common factor of q and s?
8
Let m(y) = 36*y + 414. Let t be m(-9). What is the greatest common factor of 504 and t?
18
Let x(s) = -s**3 + 6*s**2 - 13*s + 28. Let z be x(4). Calculate the greatest common divisor of 9 and z.
1
Let f(y) be the first derivative of 17*y**2/2 - 4*y - 4. Let l be f(7). Suppose l = 5*k + 5. Calculate the highest common factor of k and 33.
11
Let c(t) = 3*t**2 - 3*t - 6. Let z be c(-5). Let q(o) = -8*o**2 - 5*o + 12. Let h be q(0). Calculate the greatest common factor of z and h.
12
Suppose 0*m = -m - 4*w - 14, w + 14 = 5*m. Suppose 5*s - 136 = -4*u + 152, 0 = -m*u + s + 144. Calculate the greatest common divisor of u and 36.
36
Suppose -5*f = 3*w + 217, -1 - 4 = -5*w. Let l be (-839)/(-7) + (-3 - f/14). What is the greatest common factor of 15 and l?
15
Suppose 0 = -5*r - 2*n + 170, -14*r - 52 = -15*r - 4*n. Let x = 13 + -8. Let i be (-6)/(x/(2 - r)). What is the greatest common factor of i and 288?
36
Suppose x = -2*x + 105. Let l be (-2 + 1)*-4 + (28 - 22). What is the greatest common divisor of x and l?
5
Let i be ((-4)/(-10))/((-3)/(-30)). Suppose -m - 97 = -q, q + 0*m = -i*m + 112. Let y be (36/(-5))/((-15)/q). What is the greatest common divisor of y and 6?
6
Let n(f) = f - 6. Let w(g) = 2*g - 7. Let c be w(10). Let y be n(c). Calculate the highest common factor of y and 42.
7
Suppose 38 = -2*z - 4*b, 2*b + 3*b + 25 = 0. Let o = z + -10. Let w = 11 - o. Calculate the highest common factor of 10 and w.
10
Let b(u) = -u**2 - 3*u + 2. Suppose 3*c - 3 = 4*a, -2*c + 2 = -5*a - 7. Let d be b(c). Let h be 6/2 - 2 - -1. What is the highest common factor of d and h?
2
Let x = 2763 - 1899. What is the greatest common factor of 54 and x?
54
Let h be 8/(-2) - 1*-7. Suppose 3*w - 28 = 2*z + h*z, -3*w + z + 32 = 0. What is the highest common divisor of w and 1?
1
Let n(q) = 13*q**2 - 3*q + 4. Let g be n(-3). Suppose -7*h + 43*h = 1872. What is the greatest common factor of h and g?
26
Suppose 0 = -2*g - 3*g - 15. Let u be (-3 - g) + -3 - -17. Calculate the highest common factor of 70 and u.
14
Let i be -12 + 71/3*21. Calculate the highest common factor of i and 388.
97
Let w be 3 + -3 + -18 + 8 + 58. Suppose 7*b - 293 = -3*u + 2*b, 5*u - 2*b - 478 = 0. Calculate the highest common factor of w and u.
48
Let g(n) = -2*n. Let a(w) = 3*w + 1. Let p(s) = -6*a(s) - 7*g(s). Let h be p(7). Let r = h + 40. Calculate the highest common divisor of 42 and r.
6
Suppose 5*p + 38 = p + 3*m, 0 = m - 2. Let c(d) = d**2 + 8*d + 11. Let q be c(p). Calculate the highest common factor of q and 55.
11
Suppose g + 1 = 6, -3 = -2*q + g. Suppose 2*w = 4 + q. What is the highest common divisor of w and 12?
4
Let j = -82 + 428. Let r be j/4 + (-42)/(-28). Calculate the greatest common factor of r and 11.
11
Suppose -100 = -5*a - 35. Let k(t) be t